ors of 2863.
7, 409
List the prime factors of 522.
2, 3, 29
List the prime factors of 434.
2, 7, 31
List the prime factors of 1093.
1093
List the prime factors of 48642.
2, 3, 11, 67
List the prime factors of 2770.
2, 5, 277
List the prime factors of 7612.
2, 11, 173
List the prime factors of 665.
5, 7, 19
What are the prime factors of 2906?
2, 1453
List the prime factors of 2054.
2, 13, 79
What are the prime factors of 3127?
53, 59
What are the prime factors of 9659?
13, 743
List the prime factors of 37293.
3, 31, 401
What are the prime factors of 1414?
2, 7, 101
List the prime factors of 465.
3, 5, 31
List the prime factors of 106199.
17, 6247
What are the prime factors of 158132?
2, 13, 3041
What are the prime factors of 1525?
5, 61
What are the prime factors of 58335?
3, 5, 3889
What are the prime factors of 278?
2, 139
List the prime factors of 24463.
17, 1439
List the prime factors of 238.
2, 7, 17
What are the prime factors of 34710?
2, 3, 5, 13, 89
List the prime factors of 15059.
11, 37
What are the prime factors of 29109?
3, 31, 313
List the prime factors of 6437.
41, 157
What are the prime factors of 34253?
34253
List the prime factors of 2583.
3, 7, 41
What are the prime factors of 8523?
3, 947
List the prime factors of 1291.
1291
List the prime factors of 19928.
2, 47, 53
What are the prime factors of 117?
3, 13
What are the prime factors of 1458?
2, 3
What are the prime factors of 9108?
2, 3, 11, 23
What are the prime factors of 11602?
2, 5801
What are the prime factors of 4735?
5, 947
What are the prime factors of 24335?
5, 31, 157
What are the prime factors of 620?
2, 5, 31
What are the prime factors of 468?
2, 3, 13
What are the prime factors of 989?
23, 43
What are the prime factors of 5443?
5443
What are the prime factors of 5938?
2, 2969
What are the prime factors of 11538?
2, 3, 641
What are the prime factors of 415?
5, 83
List the prime factors of 28088.
2, 3511
What are the prime factors of 621?
3, 23
List the prime factors of 3612.
2, 3, 7, 43
What are the prime factors of 27999?
3, 17, 61
List the prime factors of 1790.
2, 5, 179
What are the prime factors of 74681?
17, 23, 191
List the prime factors of 3469.
3469
List the prime factors of 60236.
2, 11, 37
List the prime factors of 13493.
103, 131
List the prime factors of 149728.
2, 4679
List the prime factors of 2282.
2, 7, 163
List the prime factors of 135260.
2, 5, 6763
List the prime factors of 1307.
1307
List the prime factors of 580.
2, 5, 29
List the prime factors of 24172.
2, 6043
List the prime factors of 121.
11
What are the prime factors of 1030?
2, 5, 103
List the prime factors of 1936.
2, 11
What are the prime factors of 125782?
2, 61, 1031
What are the prime factors of 5194?
2, 7, 53
List the prime factors of 10.
2, 5
List the prime factors of 1604.
2, 401
What are the prime factors of 7875?
3, 5, 7
List the prime factors of 8472.
2, 3, 353
List the prime factors of 131760.
2, 3, 5, 61
List the prime factors of 23095.
5, 31, 149
List the prime factors of 795.
3, 5, 53
List the prime factors of 452.
2, 113
List the prime factors of 1177.
11, 107
What are the prime factors of 99?
3, 11
What are the prime factors of 4914?
2, 3, 7, 13
List the prime factors of 190.
2, 5, 19
What are the prime factors of 15794?
2, 53, 149
List the prime factors of 3020.
2, 5, 151
List the prime factors of 9267.
3, 3089
What are the prime factors of 1812?
2, 3, 151
List the prime factors of 137691.
3, 15299
What are the prime factors of 8618?
2, 31, 139
List the prime factors of 904.
2, 113
List the prime factors of 11822.
2, 23, 257
What are the prime factors of 14794?
2, 13, 569
What are the prime factors of 326?
2, 163
What are the prime factors of 3375?
3, 5
List the prime factors of 1788.
2, 3, 149
What are the prime factors of 7893?
3, 877
List the prime factors of 108331.
127, 853
What are the prime factors of 1000?
2, 5
What are the prime factors of 540?
2, 3, 5
List the prime factors of 8870.
2, 5, 887
What are the prime factors of 2941?
17, 173
List the prime factors of 55281.
3, 18427
List the prime factors of 25057.
25057
What are the prime factors of 13887?
3, 1543
List the prime factors of 6517.
7, 19
List the prime factors of 1722.
2, 3, 7, 41
What are the prime factors of 2967?
3, 23, 43
What are the prime factors of 32339?
73, 443
What are the prime factors of 96209?
23, 47, 89
What are the prime factors of 306?
2, 3, 17
What are the prime factors of 16967?
19, 47
What are the prime factors of 2153?
2153
List the prime factors of 22629.
3, 19, 397
List the prime factors of 2445.
3, 5, 163
List the prime factors of 1361.
1361
List the prime factors of 1176.
2, 3, 7
What are the prime factors of 257?
257
What are the prime factors of 915?
3, 5, 61
What are the prime factors of 4057?
4057
What are the prime factors of 2845?
5, 569
What are the prime factors of 379?
379
What are the prime factors of 2600?
2, 5, 13
List the prime factors of 129.
3, 43
What are the prime factors of 11692?
2, 37, 79
What are the prime factors of 128?
2
List the prime factors of 19102.
2, 9551
What are the prime factors of 550?
2, 5, 11
What are the prime factors of 1099?
7, 157
What are the prime factors of 3365?
5, 673
List the prime factors of 618.
2, 3, 103
What are the prime factors of 11734?
2, 5867
List the prime factors of 11550.
2, 3, 5, 7, 11
List the prime factors of 1048.
2, 131
List the prime factors of 2885.
5, 577
List the prime factors of 361.
19
What are the prime factors of 1509?
3, 503
List the prime factors of 73917.
3, 43, 191
List the prime factors of 1420.
2, 5, 71
What are the prime factors of 40850?
2, 5, 19, 43
What are the prime factors of 90550?
2, 5, 1811
What are the prime factors of 1113?
3, 7, 53
What are the prime factors of 10822?
2, 7, 773
What are the prime factors of 76161?
3, 53, 479
List the prime factors of 113007.
3, 139, 271
List the prime factors of 37253.
37253
List the prime factors of 1971.
3, 73
List the prime factors of 199.
199
List the prime factors of 24304.
2, 7, 31
What are the prime factors of 199?
199
What are the prime factors of 5899?
17, 347
List the prime factors of 2833.
2833
What are the prime factors of 37978?
2, 17, 1117
What are the prime factors of 59394?
2, 3, 19, 521
What are the prime factors of 119190?
2, 3, 5, 29, 137
What are the prime factors of 44390?
2, 5, 23, 193
What are the prime factors of 8817?
3, 2939
List the prime factors of 16704.
2, 3, 29
List the prime factors of 610.
2, 5, 61
List the prime factors of 2780.
2, 5, 139
List the prime factors of 767.
13, 59
List the prime factors of 3308.
2, 827
List the prime factors of 99.
3, 11
What are the prime factors of 34453?
131, 263
What are the prime factors of 151383?
3, 50461
What are the prime factors of 5707?
13, 439
List the prime factors of 718.
2, 359
List the prime factors of 105686.
2, 7, 7549
List the prime factors of 50741.
50741
List the prime factors of 1046.
2, 523
List the prime factors of 34.
2, 17
What are the prime factors of 7703?
7703
List the prime factors of 5253.
3, 17, 103
List the prime factors of 49801.
49801
What are the prime factors of 442?
2, 13, 17
List the prime factors of 4622.
2, 2311
What are the prime factors of 44575?
5, 1783
What are the prime factors of 4960?
2, 5, 31
List the prime factors of 2114.
2, 7, 151
What are the prime factors of 8163?
3, 907
What are the prime factors of 92380?
2, 5, 31, 149
List the prime factors of 1608.
2, 3, 67
List the prime factors of 171.
3, 19
What are the prime factors of 1808?
2, 113
List the prime factors of 133378.
2, 7, 1361
What are the prime factors of 4305?
3, 5, 7, 41
List the prime factors of 217.
7, 31
List the prime factors of 672.
2, 3, 7
What are the prime factors of 136382?
2, 19, 37, 97
What are the prime factors of 4328?
2, 541
What are the prime factors of 4058?
2, 2029
What are the prime factors of 37811?
37811
What are the prime factors of 65080?
2, 5, 1627
List the prime factors of 58808.
2, 7351
List the prime factors of 1283.
1283
List the prime factors of 18706.
2, 47, 199
What are the prime factors of 64?
2
What are the prime factors of 6254?
2, 53, 59
What are the prime factors of 3421?
11, 311
What are the prime factors of 10574?
2, 17, 311
List the prime